me number?
False
Is 44753 a composite number?
False
Is 306727 prime?
True
Is 236503 composite?
False
Is 2274611 prime?
False
Is 11775399 prime?
False
Is 22559 composite?
True
Is 98269 composite?
False
Is 1559829 a prime number?
False
Is 328819 a prime number?
False
Is 8377 composite?
False
Is 922043 a composite number?
False
Is 1769483 composite?
True
Is 7603 a composite number?
False
Is 939337 composite?
True
Is 24937 a prime number?
False
Is 235273 prime?
True
Is 711763 a composite number?
True
Is 646957 a prime number?
True
Is 2265265 prime?
False
Is 3035 prime?
False
Is 3049 a prime number?
True
Is 16283 a composite number?
True
Is 4989 prime?
False
Is 124717 composite?
False
Is 8749 composite?
True
Is 67955 prime?
False
Is 15767 a prime number?
True
Is 8747 prime?
True
Is 1293 composite?
True
Is 143211 a composite number?
True
Is 23597 prime?
False
Is 664933 prime?
True
Is 18833 prime?
False
Is 1693 a composite number?
False
Is 48563 a composite number?
False
Is 10181 composite?
False
Is 7613 prime?
False
Is 46559 a prime number?
True
Is 1490773 prime?
True
Is 231701 composite?
False
Is 13613 composite?
False
Is 17439 a composite number?
True
Is 76441 composite?
False
Is 221489 composite?
False
Is 178361 composite?
False
Is 37649 a composite number?
False
Is 7933 composite?
False
Is 5197 prime?
True
Is 485 a prime number?
False
Is 6073 a composite number?
False
Is 12247 prime?
False
Is 1343 a prime number?
False
Is 123059 a composite number?
False
Is 4287887 a prime number?
True
Is 355307 a prime number?
True
Is 859031 composite?
False
Is 34863 composite?
True
Is 2797 a composite number?
False
Is 26801 composite?
False
Is 556019 prime?
False
Is 16621 prime?
False
Is 26029 a prime number?
True
Is 1297159 a prime number?
False
Is 416695 a prime number?
False
Is 75721 a prime number?
True
Is 6113 prime?
True
Is 17743 prime?
False
Is 1236419 prime?
True
Is 1049 a prime number?
True
Is 219871 composite?
False
Is 517631 prime?
False
Is 868533 a prime number?
False
Is 5737 a composite number?
False
Is 5981 a prime number?
True
Is 280589 composite?
False
Is 288647 composite?
False
Is 5513 composite?
True
Is 100537 a composite number?
False
Is 113507 a composite number?
True
Is 12229 a prime number?
False
Is 611203 composite?
True
Is 67903 composite?
True
Is 4111 a composite number?
False
Is 257329 a composite number?
True
Is 1789849 prime?
True
Is 74047 composite?
False
Is 35671 composite?
False
Is 3365 a composite number?
True
Is 110945 composite?
True
Is 116153 composite?
True
Is 10559 a prime number?
True
Is 14243 a composite number?
False
Is 36833 composite?
False
Is 4105793 composite?
False
Is 7039 a composite number?
False
Is 5045 prime?
False
Is 1788269 composite?
True
Is 4139 a composite number?
False
Is 445862 a prime number?
False
Is 10627 composite?
False
Is 2411 a prime number?
True
Is 1091483 a prime number?
False
Is 882017 a prime number?
True
Is 8657 prime?
False
Is 318247 a prime number?
True
Is 26665 prime?
False
Is 6353 a prime number?
True
Is 2894 composite?
True
Is 2430047 composite?
False
Is 156347 composite?
False
Is 62591 composite?
False
Is 21343 a composite number?
True
Is 79913 a prime number?
False
Is 180211 a composite number?
False
Is 10237 a composite number?
True
Is 3359 a composite number?
False
Is 560606 prime?
False
Is 5851 prime?
True
Is 23143 a prime number?
True
Is 617833 composite?
True
Is 2029127 prime?
False
Is 145441 a prime number?
True
Is 545329 a composite number?
False
Is 16151 composite?
True
Is 28759 composite?
False
Is 40423 a composite number?
False
Is 3163 prime?
True
Is 787 a composite number?
False
Is 4116545 composite?
True
Is 63241 a prime number?
True
Is 19137 prime?
False
Is 7157 prime?
False
Is 48241 a composite number?
True
Is 16733 composite?
True
Is 851 a composite number?
True
Is 23806 a composite number?
True
Is 120041 a composite number?
False
Is 12515 a prime number?
False
Is 569137 a prime number?
True
Is 1373 composite?
False
Is 292267 composite?
False
Is 274033 prime?
True
Is 189301 a prime number?
False
Is 14347 a prime number?
True
Is 144623 prime?
False
Is 48549 a prime number?
False
Is 5039 a prime number?
True
Is 5113 prime?
True
Is 25841 a composite number?
False
Is 565889 prime?
True
Is 250253 a composite number?
False
Is 115249 a composite number?
False
Is 799 composite?
True
Is 40462 a prime number?
False
Is 12601 prime?
True
Is 271481 a prime number?
False
Is 16421 prime?
True
Is 12197 prime?
True
Is 1247459 a composite number?
False
Is 10379 a composite number?
True
Is 36209 prime?
True
Is 28397 a prime number?
False
Is 138547 composite?
False
Is 25427 composite?
True
Is 293021 composite?
False
Is 7831 composite?
True
Is 27791 composite?
False
Is 51733 composite?
True
Is 3967 a composite number?
False
Is 14719 prime?
False
Is 223879 prime?
False
Is 3163 a prime number?
True
Is 2610307 composite?
True
Is 57467 a prime number?
True
Is 381659 composite?
False
Is 877 composite?
False
Is 89173 a composite number?
True
Is 111833 a prime number?
True
Is 146639 a composite number?
False
Is 898289 prime?
False
Is 7217 composite?
True
Is 79 a composite number?
False
Is 783931 a prime number?
True
Is 78713 prime?
True
Is 54751 a prime number?
True
Is 24659 prime?
True
Is 1958681 prime?
True
Is 1629623 prime?
True
Is 2613751 composite?
True
Is 234671 composite?
True
Is 29437 prime?
True
Is 1087159 composite?
False
Is 10454 composite?
True
Is 17543 composite?
True
Is 437909 a prime number?
True
Is 97663 composite?
True
Is 127529 a composite number?
False
Is 1498241 a composite number?
True
Is 43031 a composite number?
True
Is 496007 prime?
True
Is 24263 prime?
False
Is 5059 composite?
False
Is 5311 prime?
False
Is 557 prime?
True
Is 138959 prime?
True
Is 14642 a composite number?
True
Is 59263 a composite number?
False
Is 62617 a prime number?
True
Is 3787 a prime number?
False
Is 95701 a prime number?
True
Is 750527 a prime number?
False
Is 20287 a composite number?
False
Is 5129 composite?
True
Is 61599 composite?
True
Is 1566467 a composite number?
True
Is 3551 a composite number?
True
Is 36119 prime?
False
Is 293399 a composite number?
False
Is 242241 composite?
True
Is 2323 a composite number?
True
Is 25495 a prime number?
False
Is 16129 prime?
False
Is 79687 prime?
True
Is 238691 prime?
True
Is 24481 a composite number?
False
Is 84769 a prime number?
False
Is 545137 a composite number?
True
Is 5623 a prime number?
True
Is 49241 composite?
True
Is 16669 a prime number?
False
Is 905 a prime number?
False
Is 271 a composite number?
False
Is 113299 prime?
False
Is 65921 prime?
True
Is 18371 composite?
False
Is 170822 a prime number?
False
Is 760447 composite?
False
Is 38593 prime?
True
Is 28133 a composite number?
True
Is 1753 a composite number?
False
Is 26233 prime?
False
Is 490913 prime?
True
Is 445637 composite?
True
Is 28277 prime?
True
Is 2627 prime?
False
Is 7318 composite?
True
Is 58931 a composite number?
True
Is 86611 a prime number?
False
Is 419493 composite?
True
Is 35057 composite?
True
Is 8509 prime?
False
Is 2355805 a prime number?
False
Is 474977 composite?
False
Is 22051 a composite number?
False
Is 5059 a composite number?
False
Is 1213798 composite?
True
Is 101665 composite?
True
Is 95311 prime?
True
Is 287607 a prime number?
False
Is 597479 composite?
True
Is 32987 a prime number?
True
Is 13057 a composite number?
True
Is 2459 composite?
False
Is 2437 a composite number?
False
Is 111 prime?
False
Is 2317 a composite number?
True
Is 232777 a prime number?
True
Is 1357361 composite?
False
Is 380293 prime?
False
Is 826837 a prime number?
False
Is 18227 prime?
False
Is 1497793 prime?
False
Is 1075453 prime?
True
Is 943 composite?
True
Is 201233 a composite number?
False
Is 30631 a prime number?
True
Is 53747 prime?
False
Is 26083 composite?
False
Is 3535955 a composite number?
True
Is 1139 composite?
True
Is 373 a prime number?
True
Is 10007 composite?
False
Is 46619 a prime number?
True
Is 7807 a prime number?
False
Is 16319 a prime number?
True
Is 2743 a prime number?
False
Is 1202347 a composite number?
False
Is 1514179 composite?
False
Is 80165 a composite number?
True
Is 21439 composite?
True
Is 1332799 a prime number?
False
Is 270563 a prime number?
True